{"id":247,"date":"2025-06-10T00:14:05","date_gmt":"2025-06-09T22:14:05","guid":{"rendered":"https:\/\/centreholi.be\/?page_id=247"},"modified":"2025-06-10T00:24:33","modified_gmt":"2025-06-09T22:24:33","slug":"le-nom","status":"publish","type":"page","link":"https:\/\/centreholi.be\/?page_id=247","title":{"rendered":"Le nom"},"content":{"rendered":"\n<p>Ce nom, \u201cHoli\u201d, nous est apparu comme une \u00e9vidence, pour trois raisons diff\u00e9rentes mais pas \u00e9trang\u00e8res.<\/p>\n\n\n\n<p>D\u2019abord en r\u00e9f\u00e9rence \u00e0 Holi, la f\u00eate des couleurs en Inde. Car le but du centre est de concilier les approches m\u00e9dicales conventionnelles et celles dites plus douces, d\u2019<strong>ajouter de la nuance et des couleurs<\/strong>&nbsp;dans un univers noir et blanc o\u00f9 l\u2019on attend souvent du patient qu\u2019il choisisse son camp.<\/p>\n\n\n\n<figure class=\"wp-block-image size-large\"><img loading=\"lazy\" decoding=\"async\" width=\"1024\" height=\"683\" src=\"https:\/\/centreholi.be\/wp-content\/uploads\/2025\/06\/3E6A5946-1024x683.jpg\" alt=\"\" class=\"wp-image-252\" srcset=\"https:\/\/centreholi.be\/wp-content\/uploads\/2025\/06\/3E6A5946-1024x683.jpg 1024w, https:\/\/centreholi.be\/wp-content\/uploads\/2025\/06\/3E6A5946-300x200.jpg 300w, https:\/\/centreholi.be\/wp-content\/uploads\/2025\/06\/3E6A5946-768x512.jpg 768w, https:\/\/centreholi.be\/wp-content\/uploads\/2025\/06\/3E6A5946-1536x1024.jpg 1536w, https:\/\/centreholi.be\/wp-content\/uploads\/2025\/06\/3E6A5946-2048x1365.jpg 2048w\" sizes=\"auto, (max-width: 767px) 89vw, (max-width: 1000px) 54vw, (max-width: 1071px) 543px, 580px\" \/><\/figure>\n\n\n\n<p>Sur base de la racine grecque \u201cholos\u201d qui signifie la totalit\u00e9, l\u2019entier. Puisque le dessein de notre projet est de r\u00e9unir des soignants et de&nbsp;<strong>prendre en charge la personne dans sa globalit\u00e9<\/strong>, et pas seulement sous l\u2019angle de la maladie.<\/p>\n\n\n\n<p>Finalement, Holi a aussi \u00e9t\u00e9 choisi par jeu, sachant qu\u2019il est le parfait homophone de notre nom de famille en anglais (<em>holy<\/em>). Pas si anodin, ce jeu de mot\u2026 Parce qu\u2019en y regardant de plus pr\u00e8s,&nbsp;<em>holy<\/em>&nbsp;et&nbsp;<em>health<\/em>&nbsp;auraient la m\u00eame origine germanique, \u00e0 savoir \u201chal\u201d qui signifie la chose qui est compl\u00e8te par elle-m\u00eame. Et si les g\u00e9n\u00e9rations pr\u00e9c\u00e9dentes avaient raison ?&nbsp;<strong>Notre sant\u00e9, n\u2019est-ce pas ce que nous avons de plus sacr\u00e9<\/strong>&nbsp;?<\/p>\n","protected":false},"excerpt":{"rendered":"<p>Ce nom, \u201cHoli\u201d, nous est apparu comme une \u00e9vidence, pour trois raisons diff\u00e9rentes mais pas \u00e9trang\u00e8res. D\u2019abord en r\u00e9f\u00e9rence \u00e0 Holi, la f\u00eate des couleurs en Inde. Car le but du centre est de concilier les approches m\u00e9dicales conventionnelles et celles dites plus douces, d\u2019ajouter de la nuance et des couleurs&nbsp;dans un univers noir et &hellip; <\/p>\n<p class=\"link-more\"><a href=\"https:\/\/centreholi.be\/?page_id=247\" class=\"more-link\">Continue reading<span class=\"screen-reader-text\"> &#8220;Le nom&#8221;<\/span><\/a><\/p>\n","protected":false},"author":2,"featured_media":0,"parent":0,"menu_order":0,"comment_status":"closed","ping_status":"closed","template":"","meta":{"footnotes":""},"class_list":["post-247","page","type-page","status-publish","hentry"],"_links":{"self":[{"href":"https:\/\/centreholi.be\/index.php?rest_route=\/wp\/v2\/pages\/247","targetHints":{"allow":["GET"]}}],"collection":[{"href":"https:\/\/centreholi.be\/index.php?rest_route=\/wp\/v2\/pages"}],"about":[{"href":"https:\/\/centreholi.be\/index.php?rest_route=\/wp\/v2\/types\/page"}],"author":[{"embeddable":true,"href":"https:\/\/centreholi.be\/index.php?rest_route=\/wp\/v2\/users\/2"}],"replies":[{"embeddable":true,"href":"https:\/\/centreholi.be\/index.php?rest_route=%2Fwp%2Fv2%2Fcomments&post=247"}],"version-history":[{"count":3,"href":"https:\/\/centreholi.be\/index.php?rest_route=\/wp\/v2\/pages\/247\/revisions"}],"predecessor-version":[{"id":253,"href":"https:\/\/centreholi.be\/index.php?rest_route=\/wp\/v2\/pages\/247\/revisions\/253"}],"wp:attachment":[{"href":"https:\/\/centreholi.be\/index.php?rest_route=%2Fwp%2Fv2%2Fmedia&parent=247"}],"curies":[{"name":"wp","href":"https:\/\/api.w.org\/{rel}","templated":true}]}}