{"id":480,"date":"2025-09-16T23:39:51","date_gmt":"2025-09-16T21:39:51","guid":{"rendered":"https:\/\/centreholi.be\/?page_id=480"},"modified":"2025-09-25T11:29:16","modified_gmt":"2025-09-25T09:29:16","slug":"sarah-weyde","status":"publish","type":"page","link":"https:\/\/centreholi.be\/?page_id=480","title":{"rendered":"Sarah Weyde"},"content":{"rendered":"\n<div class=\"wp-block-columns is-layout-flex wp-container-core-columns-is-layout-9d6595d7 wp-block-columns-is-layout-flex\">\n<div class=\"wp-block-column is-layout-flow wp-block-column-is-layout-flow\">\n<figure class=\"wp-block-image size-large\"><img loading=\"lazy\" decoding=\"async\" width=\"1024\" height=\"683\" src=\"https:\/\/centreholi.be\/wp-content\/uploads\/2025\/09\/3E6A5788-1024x683.jpg\" alt=\"\" class=\"wp-image-481\" srcset=\"https:\/\/centreholi.be\/wp-content\/uploads\/2025\/09\/3E6A5788-1024x683.jpg 1024w, https:\/\/centreholi.be\/wp-content\/uploads\/2025\/09\/3E6A5788-300x200.jpg 300w, https:\/\/centreholi.be\/wp-content\/uploads\/2025\/09\/3E6A5788-768x512.jpg 768w, https:\/\/centreholi.be\/wp-content\/uploads\/2025\/09\/3E6A5788-1536x1024.jpg 1536w, https:\/\/centreholi.be\/wp-content\/uploads\/2025\/09\/3E6A5788-2048x1365.jpg 2048w\" sizes=\"auto, (max-width: 767px) 89vw, (max-width: 1000px) 54vw, (max-width: 1071px) 543px, 580px\" \/><\/figure>\n<\/div>\n<\/div>\n\n\n\n<p>Sarah nous a rejoints par candidature spontan\u00e9e, et d\u00e8s les premiers jours, elle s\u2019est d\u00e9marqu\u00e9e par son autonomie, sa cr\u00e9ativit\u00e9 et son sens de l\u2019initiative. Elle termine actuellement la formation interfacultaire <a href=\"https:\/\/www.esprist.uliege.be\/cms\/c_8661907\/fr\/esprist-ecocom-s\"><strong>ECOCOM&#8217;S<\/strong><\/a> lanc\u00e9e par<a href=\"https:\/\/www.esprist.uliege.be\/cms\/c_5257802\/fr\/esprist\"> ESPRIst<\/a> \u00e0 l&#8217;ULi\u00e8ge, un programme innovant et encore peu connu, qui touchent les champs de l\u2019inclusion sociale, de la promotion de la sant\u00e9 et de la transition environnementale.<\/p>\n\n\n\n<p>Cette formation vise \u00e0 d\u00e9velopper des comp\u00e9tences transversales en innovation sociale, en intelligence collective et en gestion de projets \u00e0 impact soci\u00e9tal. Elle rassemble des \u00e9tudiants de divers horizons autour de probl\u00e9matiques concr\u00e8tes, avec une forte dimension europ\u00e9enne et collaborative. Le fil rouge reste toujours le concept de &#8220;<strong>One Health<\/strong>&#8221; avec un accent sur la communication en terme de sant\u00e9 et environnement.<\/p>\n\n\n\n<p>Gr\u00e2ce \u00e0 ce parcours original, Sarah apporte une vision fra\u00eeche, structur\u00e9e et engag\u00e9e. Elle n\u2019h\u00e9site pas \u00e0 proposer des id\u00e9es audacieuses, \u00e0 prendre des responsabilit\u00e9s et \u00e0 s\u2019impliquer pleinement dans notre \u00e9quipe naissante.<\/p>\n\n\n\n<p>Son int\u00e9gration au Centre Holi s\u2019est faite naturellement. Elle contribue activement \u00e0 enrichir nos r\u00e9flexions par son approche interdisciplinaire et sa capacit\u00e9 \u00e0 mobiliser des outils issus de sa formation.<\/p>\n\n\n\n<p><\/p>\n\n\n\n<pre class=\"wp-block-verse\">\"L'opportunit\u00e9 frappe parfois \u00e0 la porte. Mais c'est \u00e0 plusieurs que l'on ouvre sur un monde plus vaste.\"<\/pre>\n","protected":false},"excerpt":{"rendered":"<p>Sarah nous a rejoints par candidature spontan\u00e9e, et d\u00e8s les premiers jours, elle s\u2019est d\u00e9marqu\u00e9e par son autonomie, sa cr\u00e9ativit\u00e9 et son sens de l\u2019initiative. Elle termine actuellement la formation interfacultaire ECOCOM&#8217;S lanc\u00e9e par ESPRIst \u00e0 l&#8217;ULi\u00e8ge, un programme innovant et encore peu connu, qui touchent les champs de l\u2019inclusion sociale, de la promotion de &hellip; <\/p>\n<p class=\"link-more\"><a href=\"https:\/\/centreholi.be\/?page_id=480\" class=\"more-link\">Continue reading<span class=\"screen-reader-text\"> &#8220;Sarah Weyde&#8221;<\/span><\/a><\/p>\n","protected":false},"author":2,"featured_media":0,"parent":0,"menu_order":0,"comment_status":"closed","ping_status":"closed","template":"","meta":{"footnotes":""},"class_list":["post-480","page","type-page","status-publish","hentry"],"_links":{"self":[{"href":"https:\/\/centreholi.be\/index.php?rest_route=\/wp\/v2\/pages\/480","targetHints":{"allow":["GET"]}}],"collection":[{"href":"https:\/\/centreholi.be\/index.php?rest_route=\/wp\/v2\/pages"}],"about":[{"href":"https:\/\/centreholi.be\/index.php?rest_route=\/wp\/v2\/types\/page"}],"author":[{"embeddable":true,"href":"https:\/\/centreholi.be\/index.php?rest_route=\/wp\/v2\/users\/2"}],"replies":[{"embeddable":true,"href":"https:\/\/centreholi.be\/index.php?rest_route=%2Fwp%2Fv2%2Fcomments&post=480"}],"version-history":[{"count":4,"href":"https:\/\/centreholi.be\/index.php?rest_route=\/wp\/v2\/pages\/480\/revisions"}],"predecessor-version":[{"id":497,"href":"https:\/\/centreholi.be\/index.php?rest_route=\/wp\/v2\/pages\/480\/revisions\/497"}],"wp:attachment":[{"href":"https:\/\/centreholi.be\/index.php?rest_route=%2Fwp%2Fv2%2Fmedia&parent=480"}],"curies":[{"name":"wp","href":"https:\/\/api.w.org\/{rel}","templated":true}]}}