{"id":558,"date":"2025-11-08T00:02:10","date_gmt":"2025-11-07T23:02:10","guid":{"rendered":"https:\/\/centreholi.be\/?page_id=558"},"modified":"2026-03-29T11:40:33","modified_gmt":"2026-03-29T09:40:33","slug":"emilie-ansay-massotherapeute","status":"publish","type":"page","link":"https:\/\/centreholi.be\/?page_id=558","title":{"rendered":"Emilie Ansay, massoth\u00e9rapeute"},"content":{"rendered":"\n<figure class=\"wp-block-image size-large\"><img loading=\"lazy\" decoding=\"async\" width=\"1024\" height=\"683\" src=\"https:\/\/centreholi.be\/wp-content\/uploads\/2025\/11\/3E6A5877-1024x683.jpg\" alt=\"\" class=\"wp-image-559\" srcset=\"https:\/\/centreholi.be\/wp-content\/uploads\/2025\/11\/3E6A5877-1024x683.jpg 1024w, https:\/\/centreholi.be\/wp-content\/uploads\/2025\/11\/3E6A5877-300x200.jpg 300w, https:\/\/centreholi.be\/wp-content\/uploads\/2025\/11\/3E6A5877-768x512.jpg 768w, https:\/\/centreholi.be\/wp-content\/uploads\/2025\/11\/3E6A5877-1536x1024.jpg 1536w, https:\/\/centreholi.be\/wp-content\/uploads\/2025\/11\/3E6A5877-2048x1365.jpg 2048w\" sizes=\"auto, (max-width: 767px) 89vw, (max-width: 1000px) 54vw, (max-width: 1071px) 543px, 580px\" \/><\/figure>\n\n\n\n<p>Emilie vous propose un moment de douceur \u00e0 la fois relaxant et revitalisant avec le massage dit &#8220;abhyanga&#8221;.<\/p>\n\n\n\n<p>Issu de la tradition ayurv\u00e9dique indienne, ce massage \u2013 dont la traduction litt\u00e9rale est \u00ab appliquer de l\u2019huile sur le corps dans toutes les directions \u00bb \u2013 est un soin complet r\u00e9alis\u00e9 sur table avec de l\u2019huile ti\u00e8de.<\/p>\n\n\n\n<p>Par des mouvements enveloppants, des pressions circulaires et gliss\u00e9es, des frictions et des acupressions pr\u00e9cises, il favorise la circulation de l\u2019\u00e9nergie vitale, d\u00e9noue les tensions et apaise le mental.<\/p>\n\n\n\n<p>Cot\u00e9 sant\u00e9, il stimule entre autre la circulation sanguine et lymphatique, favorise la digestion et l&#8217;\u00e9limination.<\/p>\n\n\n\n<p>Ce rituel bien-\u00eatre, adapt\u00e9 \u00e0 tous, hommes et femmes, vous emm\u00e8nera vers une d\u00e9tente profonde et un r\u00e9el sentiment de pl\u00e9nitude.<\/p>\n\n\n\n<p>Envie de vous offrir ce moment chaleureux au c\u0153ur de cette saison propice au cocooning ?<\/p>\n\n\n\n<p>Dur\u00e9e : 1h<\/p>\n\n\n\n<p>Tarif : 80\u20ac<br>Tarif d\u00e9couverte (1\u00e8re fois): 70\u20ac<\/p>\n\n\n\n<p><img loading=\"lazy\" decoding=\"async\" height=\"16\" width=\"16\" src=\"https:\/\/static.xx.fbcdn.net\/images\/emoji.php\/v9\/t9e\/2\/16\/1f4c6.png\" alt=\"\ud83d\udcc6\"> Prochaines plages : samedis 04 et 18 avril apr\u00e8s-midi.<br>Contactez-la au 0499\/38 95 17.<\/p>\n","protected":false},"excerpt":{"rendered":"<p>Emilie vous propose un moment de douceur \u00e0 la fois relaxant et revitalisant avec le massage dit &#8220;abhyanga&#8221;. Issu de la tradition ayurv\u00e9dique indienne, ce massage \u2013 dont la traduction litt\u00e9rale est \u00ab appliquer de l\u2019huile sur le corps dans toutes les directions \u00bb \u2013 est un soin complet r\u00e9alis\u00e9 sur table avec de l\u2019huile &hellip; <\/p>\n<p class=\"link-more\"><a href=\"https:\/\/centreholi.be\/?page_id=558\" class=\"more-link\">Continue reading<span class=\"screen-reader-text\"> &#8220;Emilie Ansay, massoth\u00e9rapeute&#8221;<\/span><\/a><\/p>\n","protected":false},"author":2,"featured_media":0,"parent":0,"menu_order":0,"comment_status":"closed","ping_status":"closed","template":"","meta":{"footnotes":""},"class_list":["post-558","page","type-page","status-publish","hentry"],"_links":{"self":[{"href":"https:\/\/centreholi.be\/index.php?rest_route=\/wp\/v2\/pages\/558","targetHints":{"allow":["GET"]}}],"collection":[{"href":"https:\/\/centreholi.be\/index.php?rest_route=\/wp\/v2\/pages"}],"about":[{"href":"https:\/\/centreholi.be\/index.php?rest_route=\/wp\/v2\/types\/page"}],"author":[{"embeddable":true,"href":"https:\/\/centreholi.be\/index.php?rest_route=\/wp\/v2\/users\/2"}],"replies":[{"embeddable":true,"href":"https:\/\/centreholi.be\/index.php?rest_route=%2Fwp%2Fv2%2Fcomments&post=558"}],"version-history":[{"count":4,"href":"https:\/\/centreholi.be\/index.php?rest_route=\/wp\/v2\/pages\/558\/revisions"}],"predecessor-version":[{"id":702,"href":"https:\/\/centreholi.be\/index.php?rest_route=\/wp\/v2\/pages\/558\/revisions\/702"}],"wp:attachment":[{"href":"https:\/\/centreholi.be\/index.php?rest_route=%2Fwp%2Fv2%2Fmedia&parent=558"}],"curies":[{"name":"wp","href":"https:\/\/api.w.org\/{rel}","templated":true}]}}