{"id":750,"date":"2026-04-12T00:25:06","date_gmt":"2026-04-11T22:25:06","guid":{"rendered":"https:\/\/centreholi.be\/?page_id=750"},"modified":"2026-04-12T00:25:17","modified_gmt":"2026-04-11T22:25:17","slug":"tables-estivales-danjali","status":"publish","type":"page","link":"https:\/\/centreholi.be\/?page_id=750","title":{"rendered":"Les tables estivales d&#8217;Anjali"},"content":{"rendered":"\n<figure class=\"wp-block-image size-large\"><img loading=\"lazy\" decoding=\"async\" width=\"1024\" height=\"683\" src=\"https:\/\/centreholi.be\/wp-content\/uploads\/2026\/04\/3E6A5810-1024x683.jpg\" alt=\"\" class=\"wp-image-749\" srcset=\"https:\/\/centreholi.be\/wp-content\/uploads\/2026\/04\/3E6A5810-1024x683.jpg 1024w, https:\/\/centreholi.be\/wp-content\/uploads\/2026\/04\/3E6A5810-300x200.jpg 300w, https:\/\/centreholi.be\/wp-content\/uploads\/2026\/04\/3E6A5810-768x512.jpg 768w\" sizes=\"auto, (max-width: 767px) 89vw, (max-width: 1000px) 54vw, (max-width: 1071px) 543px, 580px\" \/><\/figure>\n\n\n\n<p>Anjali Winandy est conseill\u00e8re certifi\u00e9e en nutrition et alimentation. Convaincue que la sant\u00e9 commence dans l\u2019assiette, elle vous propose des ateliers pratiques en petits groupes (maximum 12 personnes) pour \u00e9changer, partager et cuisiner ensemble.<\/p>\n\n\n\n<p>Son objectif ? Vous accompagner vers une alimentation qui fait du bien, \u00e0 travers des recettes simples, belles et savoureuses. Le beau, le bon, le sain\u2026 Ce sont ses rep\u00e8res au quotidien. Et cette phrase qui l\u2019inspire : \u201cQue ton alimentation soit ta premi\u00e8re m\u00e9decine\u201d.<\/p>\n\n\n\n<p>Pour cet \u00e9t\u00e9, elle vous a concoct\u00e9 un joli menu de recettes saines et color\u00e9es.<\/p>\n\n\n\n<p>Les samedis apr\u00e8s-midis : 9 mai, 30 mai, 6 juin et 20 juin 2026.<\/p>\n\n\n\n<p>Inscription : <a href=\"mailto:latabledanjali@gmail.com\">latabledanjali@gmail.com<\/a> ou 0474\/681188.<\/p>\n\n\n\n<figure class=\"wp-block-image size-large\"><img loading=\"lazy\" decoding=\"async\" width=\"819\" height=\"1024\" src=\"https:\/\/centreholi.be\/wp-content\/uploads\/2026\/04\/WhatsApp-Image-2026-04-06-at-11.13.33-1-819x1024.jpeg\" alt=\"\" class=\"wp-image-751\" srcset=\"https:\/\/centreholi.be\/wp-content\/uploads\/2026\/04\/WhatsApp-Image-2026-04-06-at-11.13.33-1-819x1024.jpeg 819w, https:\/\/centreholi.be\/wp-content\/uploads\/2026\/04\/WhatsApp-Image-2026-04-06-at-11.13.33-1-240x300.jpeg 240w, https:\/\/centreholi.be\/wp-content\/uploads\/2026\/04\/WhatsApp-Image-2026-04-06-at-11.13.33-1-768x960.jpeg 768w, https:\/\/centreholi.be\/wp-content\/uploads\/2026\/04\/WhatsApp-Image-2026-04-06-at-11.13.33-1.jpeg 1080w\" sizes=\"auto, (max-width: 767px) 89vw, (max-width: 1000px) 54vw, (max-width: 1071px) 543px, 580px\" \/><\/figure>\n","protected":false},"excerpt":{"rendered":"<p>Anjali Winandy est conseill\u00e8re certifi\u00e9e en nutrition et alimentation. Convaincue que la sant\u00e9 commence dans l\u2019assiette, elle vous propose des ateliers pratiques en petits groupes (maximum 12 personnes) pour \u00e9changer, partager et cuisiner ensemble. Son objectif ? Vous accompagner vers une alimentation qui fait du bien, \u00e0 travers des recettes simples, belles et savoureuses. Le &hellip; <\/p>\n<p class=\"link-more\"><a href=\"https:\/\/centreholi.be\/?page_id=750\" class=\"more-link\">Continue reading<span class=\"screen-reader-text\"> &#8220;Les tables estivales d&#8217;Anjali&#8221;<\/span><\/a><\/p>\n","protected":false},"author":2,"featured_media":0,"parent":0,"menu_order":0,"comment_status":"closed","ping_status":"closed","template":"","meta":{"footnotes":""},"class_list":["post-750","page","type-page","status-publish","hentry"],"_links":{"self":[{"href":"https:\/\/centreholi.be\/index.php?rest_route=\/wp\/v2\/pages\/750","targetHints":{"allow":["GET"]}}],"collection":[{"href":"https:\/\/centreholi.be\/index.php?rest_route=\/wp\/v2\/pages"}],"about":[{"href":"https:\/\/centreholi.be\/index.php?rest_route=\/wp\/v2\/types\/page"}],"author":[{"embeddable":true,"href":"https:\/\/centreholi.be\/index.php?rest_route=\/wp\/v2\/users\/2"}],"replies":[{"embeddable":true,"href":"https:\/\/centreholi.be\/index.php?rest_route=%2Fwp%2Fv2%2Fcomments&post=750"}],"version-history":[{"count":2,"href":"https:\/\/centreholi.be\/index.php?rest_route=\/wp\/v2\/pages\/750\/revisions"}],"predecessor-version":[{"id":754,"href":"https:\/\/centreholi.be\/index.php?rest_route=\/wp\/v2\/pages\/750\/revisions\/754"}],"wp:attachment":[{"href":"https:\/\/centreholi.be\/index.php?rest_route=%2Fwp%2Fv2%2Fmedia&parent=750"}],"curies":[{"name":"wp","href":"https:\/\/api.w.org\/{rel}","templated":true}]}}